t r be -7 - 0 - (-1 + y). Let a(q) = 3*q**2 + 7*q + 5. Calculate the remainder when a(r) is divided by 13.
12
Let a = 803 - 733. What is the remainder when a is divided by 16?
6
Let r(m) = m**2 - 4*m - 1. Let s = 2 + 1. Let q be r(s). Let a = q - -8. What is the remainder when 11 is divided by a?
3
Suppose 3*k - 17 = -8. Suppose 2*q = k*q - 12. Let h = 26 - q. What is the remainder when 25 is divided by h?
11
Let a = -1145 + 1216. What is the remainder when 283 is divided by a?
70
Let u = -83 + 77. What is the remainder when 0/(-2) + 3*25 is divided by 2/(u/(-15)*(-10)/(-52))?
23
Calculate the remainder when 86 - -2 - 12/(-6) is divided by 13.
12
Calculate the remainder when (-3)/((-21)/2) + (-133531)/(-469) is divided by 48.
45
Calculate the remainder when (27 + 78)*(-6)/(-10) is divided by 23.
17
Suppose -5271 = -20*f - f. What is the remainder when f is divided by 12?
11
Suppose 3*x = -5*t + 190, x + x - 4*t - 156 = 0. What is the remainder when 344 is divided by x?
64
Let y(o) be the second derivative of -o**5/20 - 3*o**4/4 - 3*o**3/2 - 5*o**2 + 9*o. What is the remainder when y(-9) is divided by 24?
23
Suppose a + 84 = -3*a. Let t = a - -29. Let k(y) = 9*y - 7. Calculate the remainder when k(t) is divided by 17.
14
Let a(v) = -v + 3. Let j(w) = w**3 - 8*w**2 - w + 4. Let p be j(8). Suppose -5*d + 135 = -0*d. What is the remainder when d is divided by a(p)?
6
Let f = 955 - 839. What is the remainder when 926 is divided by f?
114
Calculate the remainder when 126 is divided by ((-1)/((63/(-770))/9))/2.
16
Let j(h) = -h**2 + 25*h + 337. What is the remainder when 741 is divided by j(-9)?
28
Let k = -57 - -57. Suppose -2*t + 45 - 5 = k. Let x(f) = -f**3 + 58. What is the remainder when x(0) is divided by t?
18
Let a = 124 - 120. Calculate the remainder when a/10*(-15 - -105) is divided by 23.
13
Let d = 74 - 62. Calculate the remainder when 236 is divided by d.
8
Let u be (-79)/9 - (-14)/(-63). Calculate the remainder when (-21)/(3/u*3) is divided by 5.
1
Let j(x) = x**3 - 6*x**2 - 10*x + 3. Let s be (10/4)/(5/30). Let l = s - 7. Calculate the remainder when j(l) is divided by 18.
15
Suppose -4*i - 3*m = -47, 4*i - 27 = -2*m + 19. Suppose 9*w - 200 = -i. Calculate the remainder when w is divided by 8.
5
Suppose -24*p = 5*p - 174. What is the remainder when 39 is divided by p?
3
Let a = -14 + 5. Let v(q) = -3*q - 16. Calculate the remainder when 43 is divided by v(a).
10
Suppose 0 = 5*z - 3*z + 164. Let b be 4/(-10) + 722/5. Let d = z + b. What is the remainder when d is divided by 32?
30
Let v(q) = -2*q - 15. Let f be v(-7). Let b(h) = 7*h**2 - h - 2. What is the remainder when 28 is divided by b(f)?
4
Suppose 29 = 2*d - 5. Let w = 38 + -6. Let b = w - d. What is the remainder when 28 is divided by b?
13
Calculate the remainder when 349 is divided by (75/30)/(5/12) + 26.
29
Suppose 5*v = -w + 140, -5*v + 4*w + 76 = -39. What is the remainder when v is divided by (22/(-4))/(187/(-374))?
5
Suppose 4*g + b - 22 = 0, 2*g - 3*b - 12 = g. Let w(y) = 2*y + 5. What is the remainder when w(g) is divided by (-1120)/(-224)*(-9)/(-5)?
8
Let j = -460 - -601. What is the remainder when j is divided by 71?
70
Suppose 9*t + 384 = 13*t + y, 2*t = y + 192. Calculate the remainder when t is divided by 11.
8
Let z = -4537 - -4567. Suppose 17 = -5*s + 302. Let d = 115 - s. Calculate the remainder when d is divided by z.
28
What is the remainder when (-45)/27 - 2965/(-15) is divided by 102?
94
Suppose 3*l + 72 = 171. Calculate the remainder when l is divided by (23 - 26) + (63*-1)/(-3).
15
Suppose -b + 43 = 8. Let i(n) = -11*n - 17. Calculate the remainder when i(-14) is divided by b.
32
Suppose 10*b - 13*b + 3334 = 2*k, -4444 = -4*b - 4*k. Calculate the remainder when b is divided by 7.
6
Let x(m) = 10*m - 169. Calculate the remainder when x(39) is divided by 26.
13
What is the remainder when -2 + (12 - 792/(-9)) is divided by 19?
3
Let s = -387 + 408. Calculate the remainder when 1173 is divided by s.
18
Let a(x) = x**2 - 11*x - 21. Let s = -56 + 52. Calculate the remainder when 153 is divided by a(s).
36
Let o be (-5 - -3) + 2 - 0. Suppose -3*v = -o*v. Suppose -u = 4*l - 3, v = -0*u - 5*u + 2*l + 37. Calculate the remainder when 20 is divided by u.
6
Let k = 764 - 722. Calculate the remainder when 78 is divided by k.
36
Suppose 9*o = 8*o - 2. Let k be 4 - (130/o + 2). Suppose 0 = -0*i + 3*i - b - k, 0 = -4*i - b + 80. Calculate the remainder when 83 is divided by i.
20
Suppose 13 = 4*y + 1. Let p be 0*y/9*-1. Suppose 2*z - 105 - 17 = p. What is the remainder when z is divided by 16?
13
Let v(n) = n**2 + 6*n + 7. Let i be v(-5). Suppose i*k - 16 = 3*y, -3*y + 27 = 3*k - 6*y. What is the remainder when 28 is divided by k?
6
Let i(g) = -12*g**2 + 85*g + 4. What is the remainder when 60 is divided by i(7)?
5
Let n be ((-4)/10)/((-11)/(-110)). Let v = n + 4. Suppose v*i + 75 = 5*i. Calculate the remainder when 27 is divided by i.
12
Let t(x) = 2*x**2 - 2*x + 1. Suppose 5*c - 7 - 3 = 0. Let n be t(c). Suppose -40 = -n*z - 5. Calculate the remainder when 26 is divided by z.
5
Suppose -124*k + 2020 = -119*k. What is the remainder when k is divided by 104?
92
Suppose -37*q = -163 - 244. Calculate the remainder when 216 is divided by q.
7
Let i = -373 + 529. Suppose -3*t + i = -0*t. What is the remainder when t is divided by 21?
10
Suppose 0 = 3*u - 3*h - 882, 2*u - 40 = h + 546. What is the remainder when u is divided by 97?
1
Suppose 0*t = 5*t - 3*j - 202, 0 = 4*t - 4*j - 168. Calculate the remainder when 263 is divided by t.
35
Let z = -25 + 28. Suppose 0 = -0*q + q + z*c - 13, -5*q - 3*c = -89. Calculate the remainder when q is divided by 5.
4
What is the remainder when 338/(-845) - (1 - (-4814)/(-10)) is divided by 11?
7
Let q(x) = -4*x - 21. Let y be q(-6). Suppose -y*a - 2*a = -3*c - 29, a = -2*c + 11. Calculate the remainder when 25 is divided by a.
4
Suppose 0 + 9 = 3*v. Suppose v*a - 4*a + 80 = 0. Let s = 143 - a. What is the remainder when s is divided by 22?
19
Let q be (-6)/(-7) + 4/28. Calculate the remainder when 40 is divided by (q + (-15)/9)*-21.
12
Suppose -5*c + 31 = -t, -2*t - 50 = 3*c - c. Let x = -14 - t. Suppose -8*a + 92 = -6*a. What is the remainder when a is divided by x?
10
Let i = -13 + 28. Suppose 4*b - 5*v - i = 11, -4*b = -4*v - 24. Calculate the remainder when 4/5*350/b is divided by 36.
34
Suppose 0 = -h + 2*p - 13 + 2, 3*h = 2*p - 37. Suppose -3*x - x + 56 = 0. Calculate the remainder when x is divided by 9/3 + -6 - (h - -2).
6
Let g = 37 - 33. Suppose -c + a = g, c + 1 = 4*a - 3. What is the remainder when ((-18)/4)/(c/8) is divided by 3?
0
Let t(l) = -21*l + 233. What is the remainder when 163 is divided by t(7)?
77
Let p = 636 + -469. Calculate the remainder when p is divided by 3.
2
Let a(p) = -p**3 - 8*p**2 - 3*p - 20. Suppose 0 = -5*y - 2*y - 56. What is the remainder when 9 is divided by a(y)?
1
Suppose 8*n = 5*n - 10*f + 166, -16 = -4*f. What is the remainder when 180 is divided by n?
12
Suppose 5*n = 4*d + 9, 0*d + 3*d = -3. Let u be (-2*1)/(-3 + n). What is the remainder when 3 is divided by u*(2 + (3 - 2))?
0
Let k be 2/(-10) + 64/20. Suppose -2*t = 2*j - 154, -4*j - k*t + 225 + 86 = 0. Suppose -j = -2*b - 3*b. Calculate the remainder when b is divided by 10.
6
Let d be 80/44 - ((-18)/(-33))/(-3). Suppose 0 = g - 3, 4*g - d*g - 51 = -3*b. Calculate the remainder when b is divided by 4.
3
What is the remainder when (-4)/(-24) + (3448/48 - 7) is divided by 14?
9
Let j(c) = 23*c + 35. Calculate the remainder when j(4) is divided by 58.
11
Suppose -3*i = -0*i - 126. Calculate the remainder when i is divided by 3.
0
Suppose -213 = -18*r + 39. Suppose 5*d + 3*i = 266, i = -4*d + 103 + 114. Calculate the remainder when d is divided by r.
13
Let a = -8 - 7. What is the remainder when 32 is divided by (-167)/a + 18/(-135)?
10
Suppose 0 = 5*z - 10*z + w - 31, 5*z + 3*w = -47. Let l = 67 - z. What is the remainder when l is divided by 11?
8
Suppose w + 15 = -2*l, 3*l + l + 5*w = -27. Let c be (l/3)/(2/(-3)). Suppose c = 4*i - 4. What is the remainder when 4 is divided by i?
0
Calculate the remainder when 72 is divided by (-62)/(0 + -1 + -1).
10
Let c = 179 + -82. Suppose 0 = 2*k + 3*k + 4*f - 236, 2*k - f - c = 0. Let r = 2181 + -216